{"id":3,"date":"2022-02-06T12:47:41","date_gmt":"2022-02-06T12:47:41","guid":{"rendered":"http:\/\/bugard.com.co\/?page_id=3"},"modified":"2022-02-06T23:12:04","modified_gmt":"2022-02-06T23:12:04","slug":"privacy-policy","status":"publish","type":"page","link":"https:\/\/bugard.com.co\/?page_id=3","title":{"rendered":"Control de palomas por ondas complejas"},"content":{"rendered":"\n<h2 class=\"wp-block-heading\" id=\"como-lo-hacemos\">Como lo hacemos<\/h2>\n\n\n\n<p>Las ondas complejas generan un insoportable <strong>malestar<\/strong> en las aves, oblig\u00e1ndolas a abandonar sus lugares de posado o anidamiento.<\/p>\n\n\n\n<p>Los Arm\u00f3nicos son <strong>ondas sinusoidales<\/strong> m\u00faltiplo de la frecuencia original. Son impredecibles, lo que hace que sean muy efectivas en el control de plagas.<\/p>\n\n\n\n<p>La Intermodulaci\u00f3n significa que una onda afecta a la otra que a su vez es afectada por otras.<\/p>\n\n\n\n<h2 class=\"wp-block-heading\" id=\"que-hacemos-primero\">Que hacemos primero<\/h2>\n\n\n\n<p><strong class=\"privacy-policy-tutorial\">El manejo de plagas puede definirse como un <strong>sistema integrado<\/strong> de medidas preventivas y correctivas para evitar que las plagas provoquen problemas significativos<\/strong><\/p>\n\n\n\n<p>La Salud, bienestar, confort, propiedad y est\u00e9tica son cualidades de la vida a las que las personas colocan gran valor\u2014 y con las que nosotros competimos con las plagas.<\/p>\n\n\n\n<p>Para el proceso del manejo integrado de plagas urbanas, prestamos el <strong>servicio de equipos electr\u00f3nicos<\/strong> para el control de plagas.<\/p>\n\n\n\n<h2 class=\"wp-block-heading\" id=\"registro-automatico\">Registro autom\u00e1tico<\/h2>\n\n\n\n<div class=\"wp-block-group\"><div class=\"wp-block-group__inner-container is-layout-flow wp-block-group-is-layout-flow\">\n<figure class=\"wp-block-image size-full\"><img loading=\"lazy\" decoding=\"async\" width=\"253\" height=\"240\" src=\"https:\/\/bugard.com.co\/wp-content\/uploads\/2022\/02\/Camara2.jpg\" alt=\"\" class=\"wp-image-152\"\/><\/figure>\n\n\n\n<figure class=\"wp-block-image size-full\"><img loading=\"lazy\" decoding=\"async\" width=\"325\" height=\"218\" src=\"https:\/\/bugard.com.co\/wp-content\/uploads\/2022\/02\/Camara1.jpg\" alt=\"\" class=\"wp-image-153\" srcset=\"https:\/\/bugard.com.co\/wp-content\/uploads\/2022\/02\/Camara1.jpg 325w, https:\/\/bugard.com.co\/wp-content\/uploads\/2022\/02\/Camara1-300x201.jpg 300w\" sizes=\"auto, (max-width: 325px) 100vw, 325px\" \/><\/figure>\n<\/div><\/div>\n\n\n\n<p><strong class=\"privacy-policy-tutorial\">Como beneficio adicional realizamos el registro y conteo de aves por medio de fotograf\u00edas y grabaciones visuales, con todo esto a trav\u00e9s de <strong>c\u00e1maras autom\u00e1ticas con sensores infrarrojos HC550A<\/strong> que pueden emplearse para la obtenci\u00f3n de registros de manera indirecta, o bien, combinarse con otras t\u00e9cnicas de observaci\u00f3n tanto directa como indirecta.<\/strong><\/p>\n\n\n\n<h2 class=\"wp-block-heading\" id=\"exodus-plus\">Exodus Plus<\/h2>\n\n\n\n<p>Prestamos el <strong>servicio<\/strong> para el control de plagas con <strong><em>equipos electr\u00f3nicos Exodus Plus<\/em><\/strong> para ahuyentar las aves, ratas, ratones e insectos.<\/p>\n\n\n\n<figure class=\"wp-block-gallery has-nested-images columns-default is-cropped wp-block-gallery-1 is-layout-flex wp-block-gallery-is-layout-flex\">\n<figure class=\"wp-block-image size-large\"><img loading=\"lazy\" decoding=\"async\" width=\"255\" height=\"210\" data-id=\"154\" src=\"https:\/\/bugard.com.co\/wp-content\/uploads\/2022\/02\/Exodus-1.jpg\" alt=\"\" class=\"wp-image-154\"\/><\/figure>\n<\/figure>\n\n\n\n<p>Cualquier otra actividad <strong>no qu\u00edmica<\/strong> dirigida a eliminar plagas y evitar su recurrencia como aseo, limpieza, mejoras locativas.<\/p>\n\n\n\n<p>Evaluar sistem\u00e1ticamente las zonas tratadas con barreras de exclusi\u00f3n, la utilizaci\u00f3n de <strong>equipos ahuyentadores<\/strong> con los equipos de <strong>ondas complejas<\/strong>, la utilizaci\u00f3n de otros elementos disuasorios de aves en sitios que ayudaran a disminuir las aves en la planta de producci\u00f3n.<\/p>\n\n\n\n<h2 class=\"wp-block-heading\" id=\"ondas-complejas\">Ondas complejas<\/h2>\n\n\n\n<p>Los equipos <strong>EXODUS PLUS<\/strong> crean una red electr\u00f3nica de ondas <strong>Innovapest<\/strong><\/p>\n\n\n\n<h2 class=\"wp-block-heading\" id=\"caracteristicas\">Caracter\u00edsticas<\/h2>\n\n\n\n<p>Son similares a las ondas de radio comercial, dentro de <strong>la banda de baja frecuencia<\/strong> (LF), que se Inter modulan entre s\u00ed y generan arm\u00f3nicos impredecibles.<\/p>\n\n\n\n<p>Estas ondas generan un insoportable <strong>malestar<\/strong> en las aves, oblig\u00e1ndolas a abandonar sus lugares de posado o anidamiento.<\/p>\n\n\n\n<p>Arm\u00f3nicos son <strong>ondas sinusoidales<\/strong> m\u00faltiplo de la frecuencia original. Son impredecibles, lo que hace que sean muy efectivas en el control de plagas.<\/p>\n\n\n\n<p>Intermodulaci\u00f3n significa que una onda afecta a la otra que a su vez es afectada por otras.<\/p>\n\n\n\n<p>Las pruebas de laboratorio y las experiencias a campo han demostrado <strong>m\u00e1s del 95% de efectividad<\/strong> no permitiendo la recolonizaci\u00f3n del lugar tratado, evitando la posibilidad de que las aves se acostumbren a los efectos que el equipo les produce.&nbsp; El control de roedores con los <strong>EXODUS PLUS<\/strong> ha tenido un <strong>99% <\/strong>de efectividad.<\/p>\n\n\n\n<h2 class=\"wp-block-heading\" id=\"radiacion-no-ionizante\">Radiaci\u00f3n no ionizante<\/h2>\n\n\n\n<p>La radiaci\u00f3n emitida es <strong>no ionizante<\/strong> (incapaz de alterar qu\u00edmicamente la materia). La frecuencia central de las ondas se encuentra en la banda LF (Baja frecuencia), del mismo modo que la radiodifusi\u00f3n en AM y otros sistemas de ayuda a la navegaci\u00f3n a\u00e9rea y mar\u00edtima.<\/p>\n\n\n\n<p>Los equipos <strong>EXODUS PLUS<\/strong> fueron utilizados en la <strong>Proveedur\u00eda de EPM <\/strong>para disminuir considerablemente el n\u00famero de palomas y torcazas que ingresaban al almac\u00e9n.<\/p>\n\n\n\n<h2 class=\"wp-block-heading\" id=\"peligros-para-la-salud\">Peligros para la salud<\/h2>\n\n\n\n<figure class=\"wp-block-image size-full\"><img loading=\"lazy\" decoding=\"async\" width=\"738\" height=\"450\" src=\"https:\/\/bugard.com.co\/wp-content\/uploads\/2022\/02\/Paloma_riesgos1.png\" alt=\"\" class=\"wp-image-149\" srcset=\"https:\/\/bugard.com.co\/wp-content\/uploads\/2022\/02\/Paloma_riesgos1.png 738w, https:\/\/bugard.com.co\/wp-content\/uploads\/2022\/02\/Paloma_riesgos1-300x183.png 300w\" sizes=\"auto, (max-width: 738px) 100vw, 738px\" \/><\/figure>\n\n\n\n<p><strong class=\"privacy-policy-tutorial\">Desafortunadamente, las aves tambi\u00e9n pueden ser molestas, <strong>transmitir enfermedades<\/strong>, contaminar la comida, y <strong>da\u00f1ar edificios<\/strong>, se\u00f1alamientos, estatuas, veh\u00edculos y muchos otros elementos de importancia en los ambientes urbanos.<\/strong><\/p>\n\n\n\n<p>Como plagas de salud p\u00fablica, <strong>las aves<\/strong> pueden ser <strong>reservorios <\/strong>de organismos pat\u00f3genos que pueden afectar a la gente, mascotas y animales dom\u00e9sticos.<\/p>\n\n\n\n<p>Sin embargo, los reportes de epidemia que han sido directamente atribuidas a plagas de aves son muy raros.<\/p>\n\n\n\n<p>Adem\u00e1s, la incidencia actual de enfermedades transmitidas por las aves es dif\u00edcil de calcular.&nbsp;<\/p>\n\n\n\n<figure class=\"wp-block-gallery has-nested-images columns-default is-cropped wp-block-gallery-2 is-layout-flex wp-block-gallery-is-layout-flex\">\n<figure class=\"wp-block-image size-large is-style-default\"><img loading=\"lazy\" decoding=\"async\" width=\"648\" height=\"521\" data-id=\"151\" src=\"https:\/\/bugard.com.co\/wp-content\/uploads\/2022\/02\/Paloma_riesgos3.png\" alt=\"\" class=\"wp-image-151\" srcset=\"https:\/\/bugard.com.co\/wp-content\/uploads\/2022\/02\/Paloma_riesgos3.png 648w, https:\/\/bugard.com.co\/wp-content\/uploads\/2022\/02\/Paloma_riesgos3-300x241.png 300w\" sizes=\"auto, (max-width: 648px) 100vw, 648px\" \/><\/figure>\n<\/figure>\n\n\n\n<p>Durante la d\u00e9cada pasada, nuevos descubrimientos de algunas de nuestras especies de aves urbanas m\u00e1s comunes han revelado que las aves juegan potencialmente un rol importante en los <strong>brotes de enfermedades<\/strong> transmitidas por la comida y el aire.<\/p>\n\n\n\n<p>En s\u00edntesis, el <strong>manejo de plagas<\/strong> debe ser considerado como un <strong>acercamiento sistem\u00e1tico<\/strong> principalmente debido a la compleja interacci\u00f3n de factores humanos y estructurales que distinguen a los entornos urbanos e industriales y su problem\u00e1tica de plagas.<\/p>\n\n\n\n<p>Nuestros servicios incluyen <strong>la inspecci\u00f3n<\/strong>, la determinaci\u00f3n de los umbrales aceptables de plagas, la aplicaci\u00f3n de los procedimientos para el control de plagas con <strong>equipos electr\u00f3nicos<\/strong> de ondas complejas, monitoreo de poblaciones y programas de manejo de plagas.<\/p>\n\n\n\n<p>JAIME BOCANUMENT<\/p>\n\n\n\n<p>Ingeniero<\/p>\n\n\n\n<p>Direcci\u00f3n Comercial<\/p>\n\n\n\n<p>Celular: 57 316 526 8479&nbsp;&nbsp;&nbsp;&nbsp;&nbsp;&nbsp;&nbsp;&nbsp;&nbsp;&nbsp;&nbsp;&nbsp;&nbsp;<\/p>\n\n\n\n<p>BUGARD S.A.S.&nbsp; NIT. 901175926-4<\/p>\n","protected":false},"excerpt":{"rendered":"<p>Como lo hacemos Las ondas complejas generan un insoportable malestar en las aves, oblig\u00e1ndolas a abandonar sus lugares de posado o anidamiento. Los Arm\u00f3nicos son ondas sinusoidales m\u00faltiplo de la frecuencia original. Son impredecibles, lo que hace que sean muy efectivas en el control de plagas. La Intermodulaci\u00f3n significa que [&hellip;]<\/p>\n","protected":false},"author":1,"featured_media":0,"parent":0,"menu_order":0,"comment_status":"closed","ping_status":"open","template":"","meta":{"om_disable_all_campaigns":false,"_monsterinsights_skip_tracking":false,"_monsterinsights_sitenote_active":false,"_monsterinsights_sitenote_note":"","_monsterinsights_sitenote_category":0,"footnotes":""},"class_list":["post-3","page","type-page","status-publish","hentry"],"aioseo_notices":[],"_links":{"self":[{"href":"https:\/\/bugard.com.co\/index.php?rest_route=\/wp\/v2\/pages\/3","targetHints":{"allow":["GET"]}}],"collection":[{"href":"https:\/\/bugard.com.co\/index.php?rest_route=\/wp\/v2\/pages"}],"about":[{"href":"https:\/\/bugard.com.co\/index.php?rest_route=\/wp\/v2\/types\/page"}],"author":[{"embeddable":true,"href":"https:\/\/bugard.com.co\/index.php?rest_route=\/wp\/v2\/users\/1"}],"replies":[{"embeddable":true,"href":"https:\/\/bugard.com.co\/index.php?rest_route=%2Fwp%2Fv2%2Fcomments&post=3"}],"version-history":[{"count":2,"href":"https:\/\/bugard.com.co\/index.php?rest_route=\/wp\/v2\/pages\/3\/revisions"}],"predecessor-version":[{"id":162,"href":"https:\/\/bugard.com.co\/index.php?rest_route=\/wp\/v2\/pages\/3\/revisions\/162"}],"wp:attachment":[{"href":"https:\/\/bugard.com.co\/index.php?rest_route=%2Fwp%2Fv2%2Fmedia&parent=3"}],"curies":[{"name":"wp","href":"https:\/\/api.w.org\/{rel}","templated":true}]}}